te?
True
Is 481405553 prime?
True
Is 39648016567 a prime number?
True
Is 1320026878 a composite number?
True
Is 16524083663 composite?
False
Is 820791877 a prime number?
True
Is 190796069 a prime number?
True
Is 407640047 composite?
False
Is 2683014059 a prime number?
False
Is 177158341943 composite?
True
Is 359983469 a composite number?
False
Is 1108752179 prime?
True
Is 4393401619 prime?
True
Is 6655435187 prime?
False
Is 314365271 prime?
False
Is 53291412569 composite?
True
Is 41148338573 a prime number?
True
Is 938353993 a composite number?
False
Is 121473630647 prime?
False
Is 60372269 composite?
False
Is 833337469 prime?
True
Is 41222554189 composite?
False
Is 16233710269 a prime number?
False
Is 11143503419 a prime number?
True
Is 49217495207 prime?
False
Is 11330978773 a prime number?
False
Is 1718544041 prime?
True
Is 883010189 composite?
False
Is 32961472009 composite?
False
Is 1259078747 composite?
True
Is 588321107857 a composite number?
True
Is 18991993081 a composite number?
False
Is 58807894229 a composite number?
True
Is 21403328467 composite?
True
Is 1366071649 a prime number?
True
Is 6361944349 prime?
True
Is 99235579 a prime number?
False
Is 2923003297 a prime number?
True
Is 246128845639 a composite number?
False
Is 114061302053 composite?
False
Is 137842651 a prime number?
False
Is 12041185303 prime?
False
Is 19918445249 prime?
True
Is 144927582277 a composite number?
True
Is 14456058559 prime?
True
Is 208263961 composite?
True
Is 4055080709 prime?
True
Is 504049417 composite?
True
Is 195770196151 composite?
True
Is 113794701407 a prime number?
False
Is 27634546543 a prime number?
False
Is 23012816137 composite?
False
Is 6201376421 a composite number?
False
Is 1065317999 a prime number?
True
Is 3868113407 prime?
True
Is 4304584111 a composite number?
False
Is 3264191443 a composite number?
True
Is 783189359 prime?
False
Is 105177897263 prime?
False
Is 3196696073 prime?
False
Is 128562460007 a composite number?
True
Is 4073040571 prime?
False
Is 7592526637 a prime number?
True
Is 15923226863 prime?
True
Is 14246749603 composite?
True
Is 11462726237 composite?
True
Is 977565679 prime?
True
Is 99355723405 composite?
True
Is 10655470747 composite?
False
Is 2138181797 a composite number?
False
Is 1178413829 prime?
True
Is 464970681659 composite?
True
Is 192161119 a prime number?
True
Is 52129048645 a composite number?
True
Is 1323375961 prime?
False
Is 1042712657 a prime number?
False
Is 747131543 a composite number?
False
Is 2949729623 composite?
False
Is 74484927962 a composite number?
True
Is 13592054246 composite?
True
Is 8506705433 prime?
False
Is 1638735389 prime?
False
Is 17010134287 prime?
False
Is 865275319 a composite number?
True
Is 3024076883 prime?
False
Is 16480762747 a prime number?
True
Is 5821607203 composite?
False
Is 13328108023 a prime number?
True
Is 404959369097 composite?
False
Is 309054003397 composite?
False
Is 185748151 a prime number?
False
Is 836500927 a prime number?
True
Is 23258954251 a prime number?
False
Is 9842566739 a composite number?
False
Is 18067121711 a prime number?
False
Is 23180992261 composite?
True
Is 2055044041 a composite number?
False
Is 5020583069 composite?
False
Is 6353175679 prime?
False
Is 91543689019 a composite number?
True
Is 143752943 composite?
False
Is 7945945783 a prime number?
False
Is 38843239733 a composite number?
True
Is 44141917 a prime number?
True
Is 86719192811 prime?
True
Is 140470769 prime?
False
Is 903414961 a prime number?
True
Is 90679671743 a composite number?
True
Is 559638059 composite?
True
Is 7109225759 a composite number?
False
Is 39917245789 a composite number?
False
Is 37056559747 a prime number?
False
Is 23812688959 a prime number?
False
Is 42593870467 composite?
False
Is 29444575151 a prime number?
True
Is 2713487741 composite?
False
Is 891473449 a composite number?
True
Is 14155096727 prime?
True
Is 53499898567 composite?
True
Is 13920095221 a prime number?
True
Is 106898586439 prime?
True
Is 4866263881 prime?
False
Is 731933701 prime?
True
Is 838597759 a prime number?
False
Is 83992239491 a composite number?
False
Is 6382665409 prime?
True
Is 111269215 composite?
True
Is 28093813379 prime?
False
Is 9827656087 a prime number?
False
Is 2551060943 a prime number?
False
Is 31255027007 composite?
False
Is 404382521 a prime number?
True
Is 34034559619 a composite number?
True
Is 5518787389 prime?
False
Is 1494364841 prime?
True
Is 3892347551 prime?
True
Is 11560472369 a prime number?
False
Is 1617414319 composite?
False
Is 5424575729 prime?
False
Is 27618057937 a prime number?
False
Is 9193469 a composite number?
True
Is 31045518671 composite?
True
Is 4657155249 composite?
True
Is 3228262441 a prime number?
False
Is 26132518523 composite?
True
Is 11934113813 composite?
False
Is 2307854681 prime?
False
Is 136400442461 prime?
True
Is 6870634247 a prime number?
True
Is 216465191777 prime?
True
Is 8296742089 composite?
False
Is 176283103 prime?
False
Is 3947953201 a prime number?
False
Is 5116016573 composite?
True
Is 41377127 a prime number?
False
Is 132303946907 composite?
True
Is 7768337107 composite?
False
Is 676573003 composite?
False
Is 12496921313 prime?
True
Is 1895142383 a composite number?
True
Is 8893970341 prime?
False
Is 18209744537 prime?
True
Is 8664051173 a prime number?
False
Is 427937767 prime?
True
Is 686661419 a prime number?
True
Is 1488510501 composite?
True
Is 484165811 a prime number?
False
Is 170890746863 a composite number?
True
Is 856398999 prime?
False
Is 238325720771 composite?
False
Is 328954103 a composite number?
True
Is 5885996123 prime?
False
Is 67160393815 prime?
False
Is 1812562637 prime?
True
Is 17166586699 a prime number?
False
Is 51188223487 a composite number?
False
Is 22809550345 a composite number?
True
Is 4930829483 prime?
False
Is 20590082573 a composite number?
True
Is 26702820869 a prime number?
True
Is 3151404023 a prime number?
True
Is 8925165583 composite?
True
Is 16353124787 prime?
True
Is 13613584169 a prime number?
False
Is 144513788449 a composite number?
False
Is 70299679 prime?
True
Is 489891013 a prime number?
True
Is 301938841 a composite number?
False
Is 879043141 a prime number?
False
Is 39486351131 a prime number?
True
Is 2050604999 a composite number?
False
Is 5496696563 prime?
True
Is 5605936819 prime?
False
Is 1350619027 a composite number?
False
Is 385134433 prime?
False
Is 7332177999 composite?
True
Is 9300652957 a composite number?
False
Is 2362927807 prime?
True
Is 175091429 composite?
False
Is 2248736953 a composite number?
True
Is 218459374961 prime?
False
Is 224148269771 prime?
False
Is 389287457 prime?
False
Is 7397510753 prime?
True
Is 218695273 composite?
False
Is 9765579493 prime?
True
Is 1471968577 a prime number?
True
Is 25524667369 composite?
False
Is 12505759159 composite?
True
Is 1389145319 a composite number?
False
Is 50866030739 composite?
True
Is 13999943 composite?
True
Is 25719884371 a prime number?
False
Is 798772481 prime?
False
Is 3187217113 a prime number?
True
Is 3662965357 prime?
True
Is 689244797 composite?
True
Is 6901556345 prime?
False
Is 2994772363 composite?
True
Is 12806404591 a composite number?
True
Is 56569453 composite?
True
Is 189228911 a prime number?
True
Is 8526863369 composite?
True
Is 2006159789 prime?
True
Is 5695720045 a prime number?
False
Is 381781733 prime?
False
Is 145488617726 a prime number?
False
Is 670381359 prime?
False
Is 1763901859 composite?
False
Is 1300247209 prime?
False
Is 2417426173 prime?
True
Is 4611490847 a prime number?
False
Is 257149031 a prime number?
True
Is 1730495071 prime?
True
Is 1061987435 prime?
False
Is 13272796007 composite?
False
Is 2118566929 a composite number?
False
Is 17148570697 a prime number?
True
Is 589945277 a prime number?
True
Is 530201333 prime?
True
Is 65715207671 prime?
False
Is 1240876517 a prime number?
True
Is 11649654937 a prime number?
False
Is 2215869109 a prime number?
True
Is 10278897803 composite?
True
Is 14861602403 a composite number?
False
Is 12495181511 composite?
False
Is 7483153031 a composite number?
False
Is 3710741491 a composite number?
False
Is 786938489 a composite number?
False
Is 873745751 a prime number?
True
Is 7075501107 composite?
True
Is 8231634799 a composite number